 13273931 a composite number?
True
Is 11932603 composite?
False
Is 278108507 prime?
False
Is 35815339 composite?
True
Is 2255321 a prime number?
True
Is 1378271 a composite number?
False
Is 7767007 a composite number?
False
Is 3242545 prime?
False
Is 102210593 a prime number?
True
Is 1365239 composite?
False
Is 34165583 a prime number?
True
Is 202690933 composite?
True
Is 991313 a composite number?
False
Is 157391 prime?
False
Is 35302771 prime?
False
Is 50595011 a composite number?
False
Is 5213333 a composite number?
False
Is 430680001 composite?
False
Is 12142969 a prime number?
True
Is 36592249 a prime number?
True
Is 35567671 a composite number?
False
Is 9848903 a composite number?
False
Is 46460669 composite?
False
Is 203668735 prime?
False
Is 2863117 a prime number?
True
Is 13381 a composite number?
False
Is 3928481 a composite number?
True
Is 38022091 a prime number?
False
Is 24802681 a prime number?
False
Is 555046057 a prime number?
True
Is 22379639 a composite number?
True
Is 60199571 composite?
True
Is 4730057 prime?
True
Is 265051669 prime?
True
Is 9327829 a prime number?
False
Is 1871953 prime?
False
Is 814597 a prime number?
False
Is 241194111 prime?
False
Is 2560549 composite?
False
Is 158494319 a prime number?
True
Is 1542829 a composite number?
True
Is 269747 composite?
True
Is 3181147 a composite number?
True
Is 780667 a composite number?
False
Is 1189829 a prime number?
False
Is 3083687 composite?
True
Is 257228306 prime?
False
Is 131235719 prime?
True
Is 720623 prime?
False
Is 1642031 a composite number?
False
Is 20985001 prime?
True
Is 29764711 prime?
True
Is 4196053 a prime number?
False
Is 942096631 a composite number?
True
Is 862949 composite?
True
Is 30955481 composite?
False
Is 7671021 a composite number?
True
Is 46646491 a prime number?
False
Is 4898797 prime?
True
Is 417549673 prime?
True
Is 123458297 prime?
True
Is 2955371 prime?
True
Is 812863 composite?
True
Is 58878319 composite?
True
Is 9807243 prime?
False
Is 3635123 a composite number?
True
Is 4178159 a prime number?
False
Is 136868551 a prime number?
False
Is 12707237 a composite number?
False
Is 31480259 prime?
True
Is 1380149 a composite number?
False
Is 3924307 prime?
True
Is 7437887 prime?
True
Is 5926247 composite?
False
Is 23397371 prime?
False
Is 634091 prime?
True
Is 55412542 a prime number?
False
Is 875939 prime?
False
Is 258847 composite?
False
Is 443501 a prime number?
True
Is 4398769 prime?
True
Is 332011387 prime?
True
Is 36991429 prime?
False
Is 38424599 a composite number?
False
Is 15394847 a prime number?
False
Is 30427401 a composite number?
True
Is 5098073 prime?
False
Is 357185 composite?
True
Is 1347821 a prime number?
False
Is 2170859 a prime number?
False
Is 214058291 prime?
False
Is 36716997 a composite number?
True
Is 16813831 composite?
False
Is 823987 a prime number?
False
Is 74737421 a prime number?
False
Is 277643231 a composite number?
True
Is 5081969 a composite number?
True
Is 10689961 prime?
True
Is 34638403 a composite number?
False
Is 24786745 prime?
False
Is 24597019 a composite number?
True
Is 13697513 prime?
False
Is 3874301 a composite number?
True
Is 40750991 a prime number?
False
Is 4385743 prime?
True
Is 90693217 a prime number?
True
Is 1215377 prime?
False
Is 25154677 composite?
True
Is 2150605 composite?
True
Is 21582923 a prime number?
False
Is 135323731 composite?
True
Is 10403689 composite?
False
Is 18180467 composite?
True
Is 3219413 prime?
False
Is 35456201 composite?
True
Is 839869 a composite number?
True
Is 3453909 a prime number?
False
Is 41472329 prime?
True
Is 2350379 composite?
False
Is 21506593 a prime number?
True
Is 7657933 prime?
True
Is 1896653 prime?
False
Is 4675439 a prime number?
True
Is 15260719 composite?
True
Is 180330427 a composite number?
False
Is 270961 a prime number?
True
Is 28713827 prime?
True
Is 96867805 prime?
False
Is 1015813 a prime number?
True
Is 7030603 composite?
False
Is 104926121 composite?
False
Is 4527721 a prime number?
False
Is 13783942 a composite number?
True
Is 34378585 prime?
False
Is 50459831 prime?
False
Is 583254389 prime?
True
Is 53594903 a prime number?
True
Is 841679 a prime number?
False
Is 1175351 composite?
False
Is 5900281 a composite number?
False
Is 9575717 composite?
False
Is 19229531 a prime number?
True
Is 155808041 prime?
True
Is 33357431 prime?
True
Is 742371103 a composite number?
True
Is 435817 prime?
True
Is 204918719 a prime number?
True
Is 34107269 prime?
False
Is 7332289 prime?
True
Is 13235863 a composite number?
False
Is 15887854 a prime number?
False
Is 511470431 a prime number?
False
Is 299715343 a prime number?
True
Is 27889319 a composite number?
False
Is 45336559 a prime number?
True
Is 123973 a prime number?
True
Is 60343483 prime?
False
Is 23247599 a prime number?
True
Is 33436423 composite?
False
Is 6754871 a composite number?
False
Is 111970282 a prime number?
False
Is 1871869 composite?
True
Is 100763309 a composite number?
True
Is 3588843 a composite number?
True
Is 11030667 a prime number?
False
Is 10426629 a composite number?
True
Is 26175689 prime?
True
Is 18944909 a composite number?
False
Is 2991022 a prime number?
False
Is 2503559 prime?
True
Is 1493273 prime?
True
Is 4800253 prime?
True
Is 1458733 composite?
True
Is 42626347 a composite number?
True
Is 329627 a composite number?
False
Is 1216603799 prime?
True
Is 8077129 a composite number?
False
Is 336953 a composite number?
True
Is 682357 a prime number?
False
Is 6466982 a composite number?
True
Is 67069595 prime?
False
Is 63839 prime?
True
Is 47209693 composite?
False
Is 10010033 a composite number?
True
Is 37565377 prime?
True
Is 2768627 prime?
True
Is 1117729 a prime number?
True
Is 16500007 composite?
False
Is 54397523 a composite number?
False
Is 789311 composite?
False
Is 3025634 a composite number?
True
Is 687223 a composite number?
False
Is 6376763 a composite number?
False
Is 27837131 a composite number?
True
Is 46502981 prime?
False
Is 1013921587 prime?
False
Is 16028009 prime?
False
Is 2573201 a prime number?
False
Is 89570827 a prime number?
True
Is 12793 a prime number?
False
Is 179561689 a composite number?
False
Is 344507 a prime number?
False
Is 23474327 a prime number?
True
Is 10980797 composite?
True
Is 7370533 composite?
False
Is 206827211 prime?
False
Is 78964759 prime?
True
Is 239952547 prime?
True
Is 20483779 prime?
True
Is 1359614773 a composite number?
True
Is 361757 prime?
False
Is 53734073 prime?
False
Is 561185 a composite number?
True
Is 2733581 prime?
False
Is 242362981 a prime number?
False
Is 819523273 prime?
True
Is 7744717 composite?
False
Is 10667269 composite?
False
Is 1491719 a prime number?
True
Is 7175549 composite?
False
Is 48542323 composite?
True
Is 213437 prime?
False
Is 252408161 a prime number?
True
Is 951571 composite?
False
Is 28022503 a prime number?
True
Is 7665821 a composite number?
False
Is 137061215 a composite number?
True
Is 21545429 prime?
True
Is 580831 a prime number?
False
Is 13973527 composite?
False
Is 4097683 a composite number?
False
Is 10318859 a prime number?
False
Is 56037379 a composite number?
False
Is 22751977 a composite number?
False
Is 793711 prime?
True
Is 19117547 composite?
False
Is 5019481 a prime number?
True
Is 93202349 a prime number?
True
Is 68038027 prime?
False
Is 7636139 a composite number?
True
Is 10987247 prime?
True
Is 330257863 a prime number?
False
Is 195261301 composite?
False
Is 14134033 a composite number?
False
Is 2913231 prime?
False
Is 509348867 a composite number?
True
Is 14759383 a composite number?
True
Is 18250643 composite?
False
Is 10066651 prime?
False
Is 626233 composite?
True
Is 57883721 a composite number?
True
Is 1910041 a prime number?
False
Is 3675773 composite?
True
Is 26728441 composite?
False
Is 120228937 prime?
True
Is 141828359 a prime number?
True
Is 12630063 a prime number?
False
Is 69233459 prime?
False
Is 401654689 a prime number?
True
Is 873511 a composite number?
True
Is 20239381 prime?
True
Is 63779147 composite?
False
Is 10175329 prime?
True
Is 34542059 prime?
False
Is 491742593 a prime number?
True
Is 2523299167 prime?
True
Is 1197697 a composite number?
False
Is 9824119 a composite number?
False
Is 781285117 a prime number?
True
Is 3076553 a prime 